[INFO] cloning repository https://github.com/richiejp/rselisp
[INFO] running `Command { std: "git" "-c" "credential.helper=" "-c" "credential.helper=/workspace/cargo-home/bin/git-credential-null" "clone" "--bare" "https://github.com/richiejp/rselisp" "/workspace/cache/git-repos/https%3A%2F%2Fgithub.com%2Frichiejp%2Frselisp", kill_on_drop: false }`
[INFO] [stderr] Cloning into bare repository '/workspace/cache/git-repos/https%3A%2F%2Fgithub.com%2Frichiejp%2Frselisp'...
[INFO] running `Command { std: "git" "rev-parse" "HEAD", kill_on_drop: false }`
[INFO] [stdout] a7c15641e54be5af4c294d2c6b6cead64bb8d81a
[INFO] checking richiejp/rselisp against master#cfbc6d4cf1acbac5c025acf8ed68929caa551df3 for pr-75494-beta
[INFO] running `Command { std: "git" "clone" "/workspace/cache/git-repos/https%3A%2F%2Fgithub.com%2Frichiejp%2Frselisp" "/workspace/builds/worker-8/source", kill_on_drop: false }`
[INFO] [stderr] Cloning into '/workspace/builds/worker-8/source'...
[INFO] [stderr] done.
[INFO] validating manifest of git repo https://github.com/richiejp/rselisp on toolchain cfbc6d4cf1acbac5c025acf8ed68929caa551df3
[INFO] running `Command { std: "/workspace/cargo-home/bin/cargo" "+cfbc6d4cf1acbac5c025acf8ed68929caa551df3" "read-manifest" "--manifest-path" "Cargo.toml", kill_on_drop: false }`
[INFO] started tweaking git repo https://github.com/richiejp/rselisp
[INFO] finished tweaking git repo https://github.com/richiejp/rselisp
[INFO] tweaked toml for git repo https://github.com/richiejp/rselisp written to /workspace/builds/worker-8/source/Cargo.toml
[INFO] crate git repo https://github.com/richiejp/rselisp already has a lockfile, it will not be regenerated
[INFO] running `Command { std: "/workspace/cargo-home/bin/cargo" "+cfbc6d4cf1acbac5c025acf8ed68929caa551df3" "fetch" "--locked" "--manifest-path" "Cargo.toml", kill_on_drop: false }`
[INFO] [stderr] warning: file found to be present in multiple build targets: /workspace/builds/worker-8/source/tests/perf.rs
[INFO] [stderr]  Downloading crates ...
[INFO] [stderr]   Downloaded orbclient v0.3.12
[INFO] running `Command { std: "docker" "create" "-v" "/var/lib/crater-agent-workspace/builds/worker-8/target:/opt/rustwide/target:rw,Z" "-v" "/var/lib/crater-agent-workspace/builds/worker-8/source:/opt/rustwide/workdir:ro,Z" "-v" "/var/lib/crater-agent-workspace/cargo-home:/opt/rustwide/cargo-home:ro,Z" "-v" "/var/lib/crater-agent-workspace/rustup-home:/opt/rustwide/rustup-home:ro,Z" "-e" "SOURCE_DIR=/opt/rustwide/workdir" "-e" "CARGO_TARGET_DIR=/opt/rustwide/target" "-e" "CARGO_HOME=/opt/rustwide/cargo-home" "-e" "RUSTUP_HOME=/opt/rustwide/rustup-home" "-w" "/opt/rustwide/workdir" "-m" "1610612736" "--user" "0:0" "--network" "none" "rustops/crates-build-env@sha256:a636fd89d022f18117e1dc8fb37a0a009933cdbbe082814857f0e2024962d47c" "/opt/rustwide/cargo-home/bin/cargo" "+cfbc6d4cf1acbac5c025acf8ed68929caa551df3" "metadata" "--no-deps" "--format-version=1", kill_on_drop: false }`
[INFO] [stderr] WARNING: Your kernel does not support swap limit capabilities or the cgroup is not mounted. Memory limited without swap.
[INFO] [stdout] a467c6fb6df56f06a9bd300d56e6a473c7b540360572498e6c21a8cdc0e129b0
[INFO] running `Command { std: "docker" "start" "-a" "a467c6fb6df56f06a9bd300d56e6a473c7b540360572498e6c21a8cdc0e129b0", kill_on_drop: false }`
[INFO] running `Command { std: "docker" "inspect" "a467c6fb6df56f06a9bd300d56e6a473c7b540360572498e6c21a8cdc0e129b0", kill_on_drop: false }`
[INFO] running `Command { std: "docker" "rm" "-f" "a467c6fb6df56f06a9bd300d56e6a473c7b540360572498e6c21a8cdc0e129b0", kill_on_drop: false }`
[INFO] [stdout] a467c6fb6df56f06a9bd300d56e6a473c7b540360572498e6c21a8cdc0e129b0
[INFO] running `Command { std: "docker" "create" "-v" "/var/lib/crater-agent-workspace/builds/worker-8/target:/opt/rustwide/target:rw,Z" "-v" "/var/lib/crater-agent-workspace/builds/worker-8/source:/opt/rustwide/workdir:ro,Z" "-v" "/var/lib/crater-agent-workspace/cargo-home:/opt/rustwide/cargo-home:ro,Z" "-v" "/var/lib/crater-agent-workspace/rustup-home:/opt/rustwide/rustup-home:ro,Z" "-e" "SOURCE_DIR=/opt/rustwide/workdir" "-e" "CARGO_TARGET_DIR=/opt/rustwide/target" "-e" "CARGO_INCREMENTAL=0" "-e" "RUST_BACKTRACE=full" "-e" "RUSTFLAGS=--cap-lints=forbid" "-e" "CARGO_HOME=/opt/rustwide/cargo-home" "-e" "RUSTUP_HOME=/opt/rustwide/rustup-home" "-w" "/opt/rustwide/workdir" "-m" "1610612736" "--user" "0:0" "--network" "none" "rustops/crates-build-env@sha256:a636fd89d022f18117e1dc8fb37a0a009933cdbbe082814857f0e2024962d47c" "/opt/rustwide/cargo-home/bin/cargo" "+cfbc6d4cf1acbac5c025acf8ed68929caa551df3" "check" "--frozen" "--all" "--all-targets" "--message-format=json", kill_on_drop: false }`
[INFO] [stdout] ea5c5887c93a05fd7d0c232703a6273c43805884c59e50154d20e0bad409c6a3
[INFO] [stderr] WARNING: Your kernel does not support swap limit capabilities or the cgroup is not mounted. Memory limited without swap.
[INFO] running `Command { std: "docker" "start" "-a" "ea5c5887c93a05fd7d0c232703a6273c43805884c59e50154d20e0bad409c6a3", kill_on_drop: false }`
[INFO] [stderr] warning: file found to be present in multiple build targets: /opt/rustwide/workdir/tests/perf.rs
[INFO] [stderr]     Checking num-traits v0.1.40
[INFO] [stderr]     Checking libc v0.2.31
[INFO] [stderr]     Checking lazy_static v0.2.9
[INFO] [stderr]     Checking fnv v1.0.5
[INFO] [stderr]     Checking rand v0.3.16
[INFO] [stderr]     Checking sdl2-sys v0.30.0
[INFO] [stderr]     Checking num-integer v0.1.35
[INFO] [stderr]     Checking num-iter v0.1.34
[INFO] [stderr]     Checking num v0.1.40
[INFO] [stderr]     Checking sdl2 v0.30.0
[INFO] [stderr]     Checking orbclient v0.3.12
[INFO] [stdout] error: the legacy LLVM-style asm! syntax is no longer supported
[INFO] [stdout]   --> /opt/rustwide/cargo-home/registry/src/github.com-1ecc6299db9ec823/orbclient-0.3.12/src/renderer.rs:24:5
[INFO] [stdout]    |
[INFO] [stdout] 24 |       asm!("cld
[INFO] [stdout]    |       ^---
[INFO] [stdout]    |       |
[INFO] [stdout]    |  _____help: replace with: `llvm_asm!`
[INFO] [stdout]    | |
[INFO] [stdout] 25 | |         rep stosd"
[INFO] [stdout] 26 | |         :
[INFO] [stdout] 27 | |         : "{rdi}"(dst as usize), "{eax}"(src), "{rcx}"(len)
[INFO] [stdout] 28 | |         : "cc", "memory", "rdi", "rcx"
[INFO] [stdout] 29 | |         : "intel", "volatile");
[INFO] [stdout]    | |_______________________________^
[INFO] [stdout]    |
[INFO] [stdout]    = note: consider migrating to the new asm! syntax specified in RFC 2873
[INFO] [stdout]    = note: alternatively, switch to llvm_asm! to keep your code working as it is
[INFO] [stdout] 
[INFO] [stdout] 
[INFO] [stdout] error[E0432]: unresolved import `alloc::Vec`
[INFO] [stdout]  --> /opt/rustwide/cargo-home/registry/src/github.com-1ecc6299db9ec823/orbclient-0.3.12/src/graphicspath.rs:1:5
[INFO] [stdout]   |
[INFO] [stdout] 1 | use alloc::Vec;
[INFO] [stdout]   |     ^^^^^^^---
[INFO] [stdout]   |     |      |
[INFO] [stdout]   |     |      help: a similar name exists in the module (notice the capitalization): `vec`
[INFO] [stdout]   |     no `Vec` in the root
[INFO] [stdout] 
[INFO] [stdout] 
[INFO] [stdout] error[E0554]: `#![feature]` may not be used on the beta release channel
[INFO] [stdout]  --> /opt/rustwide/cargo-home/registry/src/github.com-1ecc6299db9ec823/orbclient-0.3.12/src/lib.rs:3:1
[INFO] [stdout]   |
[INFO] [stdout] 3 | #![feature(alloc)]
[INFO] [stdout]   | ^^^^^^^^^^^^^^^^^^
[INFO] [stdout] 
[INFO] [stdout] 
[INFO] [stdout] error[E0554]: `#![feature]` may not be used on the beta release channel
[INFO] [stdout]  --> /opt/rustwide/cargo-home/registry/src/github.com-1ecc6299db9ec823/orbclient-0.3.12/src/lib.rs:4:1
[INFO] [stdout]   |
[INFO] [stdout] 4 | #![feature(asm)]
[INFO] [stdout]   | ^^^^^^^^^^^^^^^^
[INFO] [stdout] 
[INFO] [stdout] 
[INFO] [stdout] error[E0554]: `#![feature]` may not be used on the beta release channel
[INFO] [stdout]  --> /opt/rustwide/cargo-home/registry/src/github.com-1ecc6299db9ec823/orbclient-0.3.12/src/lib.rs:5:1
[INFO] [stdout]   |
[INFO] [stdout] 5 | #![feature(const_fn)]
[INFO] [stdout]   | ^^^^^^^^^^^^^^^^^^^^^
[INFO] [stdout] 
[INFO] [stdout] 
[INFO] [stdout] error[E0554]: `#![feature]` may not be used on the beta release channel
[INFO] [stdout]  --> /opt/rustwide/cargo-home/registry/src/github.com-1ecc6299db9ec823/orbclient-0.3.12/src/lib.rs:6:67
[INFO] [stdout]   |
[INFO] [stdout] 6 | #![cfg_attr(all(not(feature="no_std"), not(target_os = "redox")), feature(const_ptr_null_mut))]
[INFO] [stdout]   |                                                                   ^^^^^^^^^^^^^^^^^^^^^^^^^^^
[INFO] [stdout] 
[INFO] [stdout] 
[INFO] [stdout] error: aborting due to 6 previous errors
[INFO] [stdout] 
[INFO] [stdout] 
[INFO] [stdout] Some errors have detailed explanations: E0432, E0554.
[INFO] [stdout] 
[INFO] [stdout] For more information about an error, try `rustc --explain E0432`.
[INFO] [stdout] 
[INFO] [stderr] error: could not compile `orbclient`.
[INFO] [stderr] 
[INFO] [stderr] To learn more, run the command again with --verbose.
[INFO] running `Command { std: "docker" "inspect" "ea5c5887c93a05fd7d0c232703a6273c43805884c59e50154d20e0bad409c6a3", kill_on_drop: false }`
[INFO] running `Command { std: "docker" "rm" "-f" "ea5c5887c93a05fd7d0c232703a6273c43805884c59e50154d20e0bad409c6a3", kill_on_drop: false }`
[INFO] [stdout] ea5c5887c93a05fd7d0c232703a6273c43805884c59e50154d20e0bad409c6a3
